[INFO] cloning repository https://github.com/advanced-data-machines/ravendb
[INFO] running `Command { std: "git" "-c" "credential.helper=" "-c" "credential.helper=/workspace/cargo-home/bin/git-credential-null" "clone" "--bare" "https://github.com/advanced-data-machines/ravendb" "/workspace/cache/git-repos/https%3A%2F%2Fgithub.com%2Fadvanced-data-machines%2Fravendb", kill_on_drop: false }`
[INFO] [stderr] Cloning into bare repository '/workspace/cache/git-repos/https%3A%2F%2Fgithub.com%2Fadvanced-data-machines%2Fravendb'...
[INFO] running `Command { std: "git" "rev-parse" "HEAD", kill_on_drop: false }`
[INFO] [stdout] 3335b8ceac2e88027aa943826e26b84cd7b48e70
[INFO] checking advanced-data-machines/ravendb against master#e6e4f7ed1589e03bc2f6c5931c1a72e7947e8682 for beta-170-4
[INFO] running `Command { std: "git" "clone" "/workspace/cache/git-repos/https%3A%2F%2Fgithub.com%2Fadvanced-data-machines%2Fravendb" "/workspace/builds/worker-0-tc2/source", kill_on_drop: false }`
[INFO] [stderr] Cloning into '/workspace/builds/worker-0-tc2/source'...
[INFO] [stderr] done.
[INFO] validating manifest of git repo https://github.com/advanced-data-machines/ravendb on toolchain e6e4f7ed1589e03bc2f6c5931c1a72e7947e8682
[INFO] running `Command { std: CARGO_HOME="/workspace/cargo-home" RUSTUP_HOME="/workspace/rustup-home" "/workspace/cargo-home/bin/cargo" "+e6e4f7ed1589e03bc2f6c5931c1a72e7947e8682" "metadata" "--manifest-path" "Cargo.toml" "--no-deps", kill_on_drop: false }`
[INFO] started tweaking git repo https://github.com/advanced-data-machines/ravendb
[INFO] finished tweaking git repo https://github.com/advanced-data-machines/ravendb
[INFO] tweaked toml for git repo https://github.com/advanced-data-machines/ravendb written to /workspace/builds/worker-0-tc2/source/Cargo.toml
[INFO] crate git repo https://github.com/advanced-data-machines/ravendb already has a lockfile, it will not be regenerated
[INFO] running `Command { std: CARGO_HOME="/workspace/cargo-home" RUSTUP_HOME="/workspace/rustup-home" "/workspace/cargo-home/bin/cargo" "+e6e4f7ed1589e03bc2f6c5931c1a72e7947e8682" "fetch" "--manifest-path" "Cargo.toml", kill_on_drop: false }`
[INFO] running `Command { std: "docker" "create" "-v" "/var/lib/crater-agent-workspace/builds/worker-0-tc2/target:/opt/rustwide/target:rw,Z" "-v" "/var/lib/crater-agent-workspace/builds/worker-0-tc2/source:/opt/rustwide/workdir:ro,Z" "-v" "/var/lib/crater-agent-workspace/cargo-home:/opt/rustwide/cargo-home:ro,Z" "-v" "/var/lib/crater-agent-workspace/rustup-home:/opt/rustwide/rustup-home:ro,Z" "-e" "SOURCE_DIR=/opt/rustwide/workdir" "-e" "CARGO_TARGET_DIR=/opt/rustwide/target" "-e" "CARGO_HOME=/opt/rustwide/cargo-home" "-e" "RUSTUP_HOME=/opt/rustwide/rustup-home" "-w" "/opt/rustwide/workdir" "-m" "1610612736" "--user" "0:0" "--network" "none" "ghcr.io/rust-lang/crates-build-env/linux@sha256:19e73879b68f455e41552ea35293514db52ea292d993f571636dbffedb77a1ee" "/opt/rustwide/cargo-home/bin/cargo" "+e6e4f7ed1589e03bc2f6c5931c1a72e7947e8682" "metadata" "--no-deps" "--format-version=1", kill_on_drop: false }`
[INFO] [stdout] 99fcbfbf7b2dd5069a390d913a7a8e145c0d61cafc7f7159ac1cb478c89ea742
[INFO] running `Command { std: "docker" "start" "-a" "99fcbfbf7b2dd5069a390d913a7a8e145c0d61cafc7f7159ac1cb478c89ea742", kill_on_drop: false }`
[INFO] running `Command { std: "docker" "inspect" "99fcbfbf7b2dd5069a390d913a7a8e145c0d61cafc7f7159ac1cb478c89ea742", kill_on_drop: false }`
[INFO] running `Command { std: "docker" "rm" "-f" "99fcbfbf7b2dd5069a390d913a7a8e145c0d61cafc7f7159ac1cb478c89ea742", kill_on_drop: false }`
[INFO] [stdout] 99fcbfbf7b2dd5069a390d913a7a8e145c0d61cafc7f7159ac1cb478c89ea742
[INFO] running `Command { std: "docker" "create" "-v" "/var/lib/crater-agent-workspace/builds/worker-0-tc2/target:/opt/rustwide/target:rw,Z" "-v" "/var/lib/crater-agent-workspace/builds/worker-0-tc2/source:/opt/rustwide/workdir:ro,Z" "-v" "/var/lib/crater-agent-workspace/cargo-home:/opt/rustwide/cargo-home:ro,Z" "-v" "/var/lib/crater-agent-workspace/rustup-home:/opt/rustwide/rustup-home:ro,Z" "-e" "SOURCE_DIR=/opt/rustwide/workdir" "-e" "CARGO_TARGET_DIR=/opt/rustwide/target" "-e" "CARGO_INCREMENTAL=0" "-e" "RUST_BACKTRACE=full" "-e" "RUSTFLAGS=--cap-lints=forbid" "-e" "RUSTDOCFLAGS=--cap-lints=forbid" "-e" "CARGO_HOME=/opt/rustwide/cargo-home" "-e" "RUSTUP_HOME=/opt/rustwide/rustup-home" "-w" "/opt/rustwide/workdir" "-m" "1610612736" "--user" "0:0" "--network" "none" "ghcr.io/rust-lang/crates-build-env/linux@sha256:19e73879b68f455e41552ea35293514db52ea292d993f571636dbffedb77a1ee" "/opt/rustwide/cargo-home/bin/cargo" "+e6e4f7ed1589e03bc2f6c5931c1a72e7947e8682" "check" "--frozen" "--all" "--all-targets" "--message-format=json", kill_on_drop: false }`
[INFO] [stdout] 0a99381dc6c73fa6d14dec6a715ede940ddf5d1c6540881be5d8d6c0adca160c
[INFO] running `Command { std: "docker" "start" "-a" "0a99381dc6c73fa6d14dec6a715ede940ddf5d1c6540881be5d8d6c0adca160c", kill_on_drop: false }`
[INFO] [stderr]    Compiling libc v0.2.91
[INFO] [stderr]    Compiling cc v1.0.67
[INFO] [stderr]    Compiling proc-macro2 v1.0.24
[INFO] [stderr]    Compiling pkg-config v0.3.19
[INFO] [stderr]     Checking pin-project-lite v0.2.6
[INFO] [stderr]    Compiling memchr v2.3.4
[INFO] [stderr]     Checking bytes v1.0.1
[INFO] [stderr]    Compiling tokio v1.4.0
[INFO] [stderr]     Checking itoa v0.4.7
[INFO] [stderr]    Compiling syn v1.0.64
[INFO] [stderr]     Checking futures-core v0.3.13
[INFO] [stderr]    Compiling indexmap v1.6.2
[INFO] [stderr]     Checking matches v0.1.8
[INFO] [stderr]    Compiling openssl v0.10.33
[INFO] [stderr]     Checking tracing-core v0.1.17
[INFO] [stderr]    Compiling native-tls v0.2.7
[INFO] [stderr]     Checking slab v0.4.2
[INFO] [stderr]    Compiling httparse v1.3.6
[INFO] [stderr]    Compiling ryu v1.0.5
[INFO] [stderr]     Checking once_cell v1.7.2
[INFO] [stderr]    Compiling serde v1.0.125
[INFO] [stderr]     Checking hashbrown v0.9.1
[INFO] [stderr]     Checking futures-io v0.3.13
[INFO] [stderr]     Checking futures-sink v0.3.13
[INFO] [stderr]     Checking futures-task v0.3.13
[INFO] [stderr]     Checking tinyvec v1.1.1
[INFO] [stderr]     Checking openssl-probe v0.1.2
[INFO] [stderr]     Checking tracing v0.1.25
[INFO] [stderr]     Checking form_urlencoded v1.0.1
[INFO] [stderr]     Checking http v0.2.4
[INFO] [stderr]     Checking futures-channel v0.3.13
[INFO] [stderr]     Checking unicode-bidi v0.3.4
[INFO] [stderr]    Compiling serde_json v1.0.64
[INFO] [stderr]     Checking httpdate v0.3.2
[INFO] [stderr]    Compiling encoding_rs v0.8.28
[INFO] [stderr]    Compiling serde_derive v1.0.125
[INFO] [stderr]     Checking ipnet v2.3.0
[INFO] [stderr]     Checking futures-util v0.3.13
[INFO] [stderr]    Compiling openssl-sys v0.9.61
[INFO] [stderr]    Compiling quote v1.0.9
[INFO] [stderr]     Checking mio v0.7.11
[INFO] [stderr]     Checking num_cpus v1.13.0
[INFO] [stderr]     Checking socket2 v0.4.0
[INFO] [stderr]     Checking unicode-normalization v0.1.17
[INFO] [stderr] The following warnings were emitted during compilation:
[INFO] [stderr] 
[INFO] [stderr] warning: build/expando.c:4:24: error: pasting "RUST_VERSION_OPENSSL_" and "(" does not give a valid preprocessing token
[INFO] [stderr] warning:     4 | #define VERSION2(n, v) RUST_VERSION_##n##_##v
[INFO] [stderr] warning:       |                        ^~~~~~~~~~~~~
[INFO] [stderr] warning: build/expando.c:5:23: note: in expansion of macro 'VERSION2'
[INFO] [stderr] warning:     5 | #define VERSION(n, v) VERSION2(n, v)
[INFO] [stderr] warning:       |                       ^~~~~~~~
[INFO] [stderr] warning: build/expando.c:10:1: note: in expansion of macro 'VERSION'
[INFO] [stderr] warning:    10 | VERSION(OPENSSL, OPENSSL_VERSION_NUMBER)
[INFO] [stderr] warning:       | ^~~~~~~
[INFO] [stderr] 
[INFO] [stderr] error: failed to run custom build command for `openssl-sys v0.9.61`
[INFO] [stderr] note: To improve backtraces for build dependencies, set the CARGO_PROFILE_DEV_BUILD_OVERRIDE_DEBUG=true environment variable to enable debug information generation.
[INFO] [stderr] 
[INFO] [stderr] Caused by:
[INFO] [stderr]   process didn't exit successfully: `/opt/rustwide/target/debug/build/openssl-sys-ee7d6756a2aea0f0/build-script-main` (exit status: 101)
[INFO] [stderr]   --- stdout
[INFO] [stderr]   cargo:rustc-cfg=const_fn
[INFO] [stderr]   cargo:rerun-if-env-changed=X86_64_UNKNOWN_LINUX_GNU_OPENSSL_LIB_DIR
[INFO] [stderr]   X86_64_UNKNOWN_LINUX_GNU_OPENSSL_LIB_DIR unset
[INFO] [stderr]   cargo:rerun-if-env-changed=OPENSSL_LIB_DIR
[INFO] [stderr]   OPENSSL_LIB_DIR unset
[INFO] [stderr]   cargo:rerun-if-env-changed=X86_64_UNKNOWN_LINUX_GNU_OPENSSL_INCLUDE_DIR
[INFO] [stderr]   X86_64_UNKNOWN_LINUX_GNU_OPENSSL_INCLUDE_DIR unset
[INFO] [stderr]   cargo:rerun-if-env-changed=OPENSSL_INCLUDE_DIR
[INFO] [stderr]   OPENSSL_INCLUDE_DIR unset
[INFO] [stderr]   cargo:rerun-if-env-changed=X86_64_UNKNOWN_LINUX_GNU_OPENSSL_DIR
[INFO] [stderr]   X86_64_UNKNOWN_LINUX_GNU_OPENSSL_DIR unset
[INFO] [stderr]   cargo:rerun-if-env-changed=OPENSSL_DIR
[INFO] [stderr]   OPENSSL_DIR unset
[INFO] [stderr]   cargo:rerun-if-env-changed=OPENSSL_NO_PKG_CONFIG
[INFO] [stderr]   cargo:rerun-if-env-changed=PKG_CONFIG
[INFO] [stderr]   cargo:rerun-if-env-changed=OPENSSL_STATIC
[INFO] [stderr]   cargo:rerun-if-env-changed=OPENSSL_DYNAMIC
[INFO] [stderr]   cargo:rerun-if-env-changed=PKG_CONFIG_ALL_STATIC
[INFO] [stderr]   cargo:rerun-if-env-changed=PKG_CONFIG_ALL_DYNAMIC
[INFO] [stderr]   cargo:rerun-if-env-changed=PKG_CONFIG_PATH_x86_64-unknown-linux-gnu
[INFO] [stderr]   cargo:rerun-if-env-changed=PKG_CONFIG_PATH_x86_64_unknown_linux_gnu
[INFO] [stderr]   cargo:rerun-if-env-changed=HOST_PKG_CONFIG_PATH
[INFO] [stderr]   cargo:rerun-if-env-changed=PKG_CONFIG_PATH
[INFO] [stderr]   cargo:rerun-if-env-changed=PKG_CONFIG_LIBDIR_x86_64-unknown-linux-gnu
[INFO] [stderr]   cargo:rerun-if-env-changed=PKG_CONFIG_LIBDIR_x86_64_unknown_linux_gnu
[INFO] [stderr]   cargo:rerun-if-env-changed=HOST_PKG_CONFIG_LIBDIR
[INFO] [stderr]   cargo:rerun-if-env-changed=PKG_CONFIG_LIBDIR
[INFO] [stderr]   cargo:rerun-if-env-changed=PKG_CONFIG_SYSROOT_DIR_x86_64-unknown-linux-gnu
[INFO] [stderr]   cargo:rerun-if-env-changed=PKG_CONFIG_SYSROOT_DIR_x86_64_unknown_linux_gnu
[INFO] [stderr]   cargo:rerun-if-env-changed=HOST_PKG_CONFIG_SYSROOT_DIR
[INFO] [stderr]   cargo:rerun-if-env-changed=PKG_CONFIG_SYSROOT_DIR
[INFO] [stderr]   cargo:rerun-if-env-changed=PKG_CONFIG_SYSROOT_DIR
[INFO] [stderr]   cargo:rerun-if-env-changed=SYSROOT
[INFO] [stderr]   cargo:rerun-if-env-changed=OPENSSL_STATIC
[INFO] [stderr]   cargo:rerun-if-env-changed=OPENSSL_DYNAMIC
[INFO] [stderr]   cargo:rerun-if-env-changed=PKG_CONFIG_ALL_STATIC
[INFO] [stderr]   cargo:rerun-if-env-changed=PKG_CONFIG_ALL_DYNAMIC
[INFO] [stderr]   cargo:rustc-link-lib=ssl
[INFO] [stderr]   cargo:rustc-link-lib=crypto
[INFO] [stderr]   cargo:rerun-if-env-changed=PKG_CONFIG
[INFO] [stderr]   cargo:rerun-if-env-changed=OPENSSL_STATIC
[INFO] [stderr]   cargo:rerun-if-env-changed=OPENSSL_DYNAMIC
[INFO] [stderr]   cargo:rerun-if-env-changed=PKG_CONFIG_ALL_STATIC
[INFO] [stderr]   cargo:rerun-if-env-changed=PKG_CONFIG_ALL_DYNAMIC
[INFO] [stderr]   cargo:rerun-if-env-changed=PKG_CONFIG_PATH_x86_64-unknown-linux-gnu
[INFO] [stderr]   cargo:rerun-if-env-changed=PKG_CONFIG_PATH_x86_64_unknown_linux_gnu
[INFO] [stderr]   cargo:rerun-if-env-changed=HOST_PKG_CONFIG_PATH
[INFO] [stderr]   cargo:rerun-if-env-changed=PKG_CONFIG_PATH
[INFO] [stderr]   cargo:rerun-if-env-changed=PKG_CONFIG_LIBDIR_x86_64-unknown-linux-gnu
[INFO] [stderr]   cargo:rerun-if-env-changed=PKG_CONFIG_LIBDIR_x86_64_unknown_linux_gnu
[INFO] [stderr]   cargo:rerun-if-env-changed=HOST_PKG_CONFIG_LIBDIR
[INFO] [stderr]   cargo:rerun-if-env-changed=PKG_CONFIG_LIBDIR
[INFO] [stderr]   cargo:rerun-if-env-changed=PKG_CONFIG_SYSROOT_DIR_x86_64-unknown-linux-gnu
[INFO] [stderr]   cargo:rerun-if-env-changed=PKG_CONFIG_SYSROOT_DIR_x86_64_unknown_linux_gnu
[INFO] [stderr]   cargo:rerun-if-env-changed=HOST_PKG_CONFIG_SYSROOT_DIR
[INFO] [stderr]   cargo:rerun-if-env-changed=PKG_CONFIG_SYSROOT_DIR
[INFO] [stderr]   OPT_LEVEL = Some("0")
[INFO] [stderr]   TARGET = Some("x86_64-unknown-linux-gnu")
[INFO] [stderr]   HOST = Some("x86_64-unknown-linux-gnu")
[INFO] [stderr]   CC_x86_64-unknown-linux-gnu = None
[INFO] [stderr]   CC_x86_64_unknown_linux_gnu = None
[INFO] [stderr]   HOST_CC = None
[INFO] [stderr]   CC = None
[INFO] [stderr]   CFLAGS_x86_64-unknown-linux-gnu = None
[INFO] [stderr]   CFLAGS_x86_64_unknown_linux_gnu = None
[INFO] [stderr]   HOST_CFLAGS = None
[INFO] [stderr]   CFLAGS = None
[INFO] [stderr]   CRATE_CC_NO_DEFAULTS = None
[INFO] [stderr]   DEBUG = Some("true")
[INFO] [stderr]   CARGO_CFG_TARGET_FEATURE = Some("fxsr,sse,sse2")
[INFO] [stderr]   running: "cc" "-O0" "-ffunction-sections" "-fdata-sections" "-fPIC" "-g" "-fno-omit-frame-pointer" "-m64" "-I" "/usr/include" "-Wall" "-Wextra" "-E" "build/expando.c"
[INFO] [stderr]   cargo:warning=build/expando.c:4:24: error: pasting "RUST_VERSION_OPENSSL_" and "(" does not give a valid preprocessing token
[INFO] [stderr]   cargo:warning=    4 | #define VERSION2(n, v) RUST_VERSION_##n##_##v
[INFO] [stderr]   cargo:warning=      |                        ^~~~~~~~~~~~~
[INFO] [stderr]   cargo:warning=build/expando.c:5:23: note: in expansion of macro 'VERSION2'
[INFO] [stderr]   cargo:warning=    5 | #define VERSION(n, v) VERSION2(n, v)
[INFO] [stderr]   cargo:warning=      |                       ^~~~~~~~
[INFO] [stderr]   cargo:warning=build/expando.c:10:1: note: in expansion of macro 'VERSION'
[INFO] [stderr]   cargo:warning=   10 | VERSION(OPENSSL, OPENSSL_VERSION_NUMBER)
[INFO] [stderr]   cargo:warning=      | ^~~~~~~
[INFO] [stderr]   exit status: 1
[INFO] [stderr] 
[INFO] [stderr]   --- stderr
[INFO] [stderr]   thread 'main' panicked at '
[INFO] [stderr]   Header expansion error:
[INFO] [stderr]   Error { kind: ToolExecError, message: "Command \"cc\" \"-O0\" \"-ffunction-sections\" \"-fdata-sections\" \"-fPIC\" \"-g\" \"-fno-omit-frame-pointer\" \"-m64\" \"-I\" \"/usr/include\" \"-Wall\" \"-Wextra\" \"-E\" \"build/expando.c\" with args \"cc\" did not execute successfully (status code exit status: 1)." }
[INFO] [stderr] 
[INFO] [stderr]   Failed to find OpenSSL development headers.
[INFO] [stderr] 
[INFO] [stderr]   You can try fixing this setting the `OPENSSL_DIR` environment variable
[INFO] [stderr]   pointing to your OpenSSL installation or installing OpenSSL headers package
[INFO] [stderr]   specific to your distribution:
[INFO] [stderr] 
[INFO] [stderr]       # On Ubuntu
[INFO] [stderr]       sudo apt-get install libssl-dev
[INFO] [stderr]       # On Arch Linux
[INFO] [stderr]       sudo pacman -S openssl
[INFO] [stderr]       # On Fedora
[INFO] [stderr]       sudo dnf install openssl-devel
[INFO] [stderr] 
[INFO] [stderr]   See rust-openssl README for more information:
[INFO] [stderr] 
[INFO] [stderr]       https://github.com/sfackler/rust-openssl#linux
[INFO] [stderr]   ', /opt/rustwide/cargo-home/registry/src/index.crates.io-6f17d22bba15001f/openssl-sys-0.9.61/build/main.rs:147:13
[INFO] [stderr]   stack backtrace:
[INFO] [stderr]      0:     0x556b0bf3aa01 - std::backtrace_rs::backtrace::libunwind::trace::ha9d9de1bf4176bfa
[INFO] [stderr]                                  at /rustc/e6e4f7ed1589e03bc2f6c5931c1a72e7947e8682/library/std/src/../../backtrace/src/backtrace/libunwind.rs:93:5
[INFO] [stderr]      1:     0x556b0bf3aa01 - std::backtrace_rs::backtrace::trace_unsynchronized::h165c36ef694ada1c
[INFO] [stderr]                                  at /rustc/e6e4f7ed1589e03bc2f6c5931c1a72e7947e8682/library/std/src/../../backtrace/src/backtrace/mod.rs:66:5
[INFO] [stderr]      2:     0x556b0bf3aa01 - std::sys_common::backtrace::_print_fmt::h4d89c7ce1e89b43d
[INFO] [stderr]                                  at /rustc/e6e4f7ed1589e03bc2f6c5931c1a72e7947e8682/library/std/src/sys_common/backtrace.rs:65:5
[INFO] [stderr]      3:     0x556b0bf3aa01 - <std::sys_common::backtrace::_print::DisplayBacktrace as core::fmt::Display>::fmt::hfc68e8a2f3b7b37c
[INFO] [stderr]                                  at /rustc/e6e4f7ed1589e03bc2f6c5931c1a72e7947e8682/library/std/src/sys_common/backtrace.rs:44:22
[INFO] [stderr]      4:     0x556b0bf5c95f - core::fmt::rt::Argument::fmt::hc7dd5538f3de21b7
[INFO] [stderr]                                  at /rustc/e6e4f7ed1589e03bc2f6c5931c1a72e7947e8682/library/core/src/fmt/rt.rs:138:9
[INFO] [stderr]      5:     0x556b0bf5c95f - core::fmt::write::hac9705ca9b43c249
[INFO] [stderr]                                  at /rustc/e6e4f7ed1589e03bc2f6c5931c1a72e7947e8682/library/core/src/fmt/mod.rs:1094:21
[INFO] [stderr]      6:     0x556b0bf37d21 - std::io::Write::write_fmt::h7bc9466b47d6774b
[INFO] [stderr]                                  at /rustc/e6e4f7ed1589e03bc2f6c5931c1a72e7947e8682/library/std/src/io/mod.rs:1713:15
[INFO] [stderr]      7:     0x556b0bf3a815 - std::sys_common::backtrace::_print::h03072469d8150f3e
[INFO] [stderr]                                  at /rustc/e6e4f7ed1589e03bc2f6c5931c1a72e7947e8682/library/std/src/sys_common/backtrace.rs:47:5
[INFO] [stderr]      8:     0x556b0bf3a815 - std::sys_common::backtrace::print::hd0f67791f02b87ae
[INFO] [stderr]                                  at /rustc/e6e4f7ed1589e03bc2f6c5931c1a72e7947e8682/library/std/src/sys_common/backtrace.rs:34:9
[INFO] [stderr]      9:     0x556b0bf3bee7 - std::panicking::default_hook::{{closure}}::h7c8ccb2c703d1528
[INFO] [stderr]     10:     0x556b0bf3bcd4 - std::panicking::default_hook::h770c31d58b53801e
[INFO] [stderr]                                  at /rustc/e6e4f7ed1589e03bc2f6c5931c1a72e7947e8682/library/std/src/panicking.rs:288:9
[INFO] [stderr]     11:     0x556b0bf3c39c - std::panicking::rust_panic_with_hook::hb50e58c42f5187f2
[INFO] [stderr]                                  at /rustc/e6e4f7ed1589e03bc2f6c5931c1a72e7947e8682/library/std/src/panicking.rs:705:13
[INFO] [stderr]     12:     0x556b0bf3c297 - std::panicking::begin_panic_handler::{{closure}}::h4d6093b91efbd52e
[INFO] [stderr]                                  at /rustc/e6e4f7ed1589e03bc2f6c5931c1a72e7947e8682/library/std/src/panicking.rs:597:13
[INFO] [stderr]     13:     0x556b0bf3ae36 - std::sys_common::backtrace::__rust_end_short_backtrace::h318963d1ef4510cb
[INFO] [stderr]                                  at /rustc/e6e4f7ed1589e03bc2f6c5931c1a72e7947e8682/library/std/src/sys_common/backtrace.rs:151:18
[INFO] [stderr]     14:     0x556b0bf3bfe2 - rust_begin_unwind
[INFO] [stderr]                                  at /rustc/e6e4f7ed1589e03bc2f6c5931c1a72e7947e8682/library/std/src/panicking.rs:593:5
[INFO] [stderr]     15:     0x556b0bea4693 - core::panicking::panic_fmt::h6ce9f4b93775846b
[INFO] [stderr]                                  at /rustc/e6e4f7ed1589e03bc2f6c5931c1a72e7947e8682/library/core/src/panicking.rs:67:14
[INFO] [stderr]     16:     0x556b0bea8f90 - build_script_main::validate_headers::hc627532d657a6ea0
[INFO] [stderr]     17:     0x556b0beae93d - build_script_main::find_normal::try_pkg_config::he98db521d8cada33
[INFO] [stderr]     18:     0x556b0beada3a - build_script_main::find_normal::find_openssl_dir::h798b4679851d980f
[INFO] [stderr]     19:     0x556b0bead462 - build_script_main::find_normal::get_openssl::{{closure}}::h0c1b34f6ecc25db1
[INFO] [stderr]     20:     0x556b0beb02e9 - core::option::Option<T>::unwrap_or_else::h92bfe4c8a8ddb0b3
[INFO] [stderr]     21:     0x556b0bead20a - build_script_main::find_normal::get_openssl::h3b249bf7d5f3581b
[INFO] [stderr]     22:     0x556b0bea674d - build_script_main::find_openssl::h30eb495c189f5214
[INFO] [stderr]     23:     0x556b0bea682d - build_script_main::main::h579a846004281786
[INFO] [stderr]     24:     0x556b0beab643 - core::ops::function::FnOnce::call_once::h2282600a0ef3f703
[INFO] [stderr]     25:     0x556b0beafa46 - std::sys_common::backtrace::__rust_begin_short_backtrace::h5a0dbc22aa2b266f
[INFO] [stderr]     26:     0x556b0beab4a9 - std::rt::lang_start::{{closure}}::h99ae4c36ace008c5
[INFO] [stderr]     27:     0x556b0bf34005 - core::ops::function::impls::<impl core::ops::function::FnOnce<A> for &F>::call_once::hb332f02ff9fc81e2
[INFO] [stderr]                                  at /rustc/e6e4f7ed1589e03bc2f6c5931c1a72e7947e8682/library/core/src/ops/function.rs:284:13
[INFO] [stderr]     28:     0x556b0bf34005 - std::panicking::try::do_call::hed879afea606d968
[INFO] [stderr]                                  at /rustc/e6e4f7ed1589e03bc2f6c5931c1a72e7947e8682/library/std/src/panicking.rs:500:40
[INFO] [stderr]     29:     0x556b0bf34005 - std::panicking::try::h395a878f3e4bd2f0
[INFO] [stderr]                                  at /rustc/e6e4f7ed1589e03bc2f6c5931c1a72e7947e8682/library/std/src/panicking.rs:464:19
[INFO] [stderr]     30:     0x556b0bf34005 - std::panic::catch_unwind::hb44b6ea043448d57
[INFO] [stderr]                                  at /rustc/e6e4f7ed1589e03bc2f6c5931c1a72e7947e8682/library/std/src/panic.rs:142:14
[INFO] [stderr]     31:     0x556b0bf34005 - std::rt::lang_start_internal::{{closure}}::h6184ba9e5b3e5fbf
[INFO] [stderr]                                  at /rustc/e6e4f7ed1589e03bc2f6c5931c1a72e7947e8682/library/std/src/rt.rs:148:48
[INFO] [stderr]     32:     0x556b0bf34005 - std::panicking::try::do_call::h8b2c97d4d3608274
[INFO] [stderr]                                  at /rustc/e6e4f7ed1589e03bc2f6c5931c1a72e7947e8682/library/std/src/panicking.rs:500:40
[INFO] [stderr]     33:     0x556b0bf34005 - std::panicking::try::hfa4cc536e097f1fe
[INFO] [stderr]                                  at /rustc/e6e4f7ed1589e03bc2f6c5931c1a72e7947e8682/library/std/src/panicking.rs:464:19
[INFO] [stderr]     34:     0x556b0bf34005 - std::panic::catch_unwind::ha3e2192625bb4844
[INFO] [stderr]                                  at /rustc/e6e4f7ed1589e03bc2f6c5931c1a72e7947e8682/library/std/src/panic.rs:142:14
[INFO] [stderr]     35:     0x556b0bf34005 - std::rt::lang_start_internal::hbd6687884d030770
[INFO] [stderr]                                  at /rustc/e6e4f7ed1589e03bc2f6c5931c1a72e7947e8682/library/std/src/rt.rs:148:20
[INFO] [stderr]     36:     0x556b0beab487 - std::rt::lang_start::h8358c3c77ee25b49
[INFO] [stderr]     37:     0x556b0bea9cb5 - main
[INFO] [stderr]     38:     0x7fb3048d6d90 - <unknown>
[INFO] [stderr]     39:     0x7fb3048d6e40 - __libc_start_main
[INFO] [stderr]     40:     0x556b0bea4e25 - _start
[INFO] [stderr]     41:                0x0 - <unknown>
[INFO] [stderr] warning: build failed, waiting for other jobs to finish...
[INFO] running `Command { std: "docker" "inspect" "0a99381dc6c73fa6d14dec6a715ede940ddf5d1c6540881be5d8d6c0adca160c", kill_on_drop: false }`
[INFO] running `Command { std: "docker" "rm" "-f" "0a99381dc6c73fa6d14dec6a715ede940ddf5d1c6540881be5d8d6c0adca160c", kill_on_drop: false }`
[INFO] [stdout] 0a99381dc6c73fa6d14dec6a715ede940ddf5d1c6540881be5d8d6c0adca160c
